2
Calculate the remainder when 8585 is divided by 9.
8
Calculate the remainder when 63 is divided by 52.
11
What is the remainder when 396 is divided by 70?
46
Calculate the remainder when 41 is divided by 17.
7
Calculate the remainder when 54 is divided by 7.
5
What is the remainder when 381 is divided by 18?
3
Calculate the remainder when 1148 is divided by 89.
80
What is the remainder when 32086 is divided by 24?
22
Calculate the remainder when 487 is divided by 82.
77
What is the remainder when 292 is divided by 14?
12
Calculate the remainder when 35 is divided by 9.
8
Calculate the remainder when 1669 is divided by 555.
4
What is the remainder when 272 is divided by 39?
38
Calculate the remainder when 72 is divided by 7.
2
What is the remainder when 3354 is divided by 9?
6
Calculate the remainder when 3742 is divided by 96.
94
Calculate the remainder when 68 is divided by 26.
16
What is the remainder when 16015 is divided by 182?
181
Calculate the remainder when 35 is divided by 27.
8
Calculate the remainder when 1723 is divided by 25.
23
Calculate the remainder when 8186 is divided by 14.
10
What is the remainder when 224 is divided by 53?
12
Calculate the remainder when 245 is divided by 18.
11
What is the remainder when 1499 is divided by 20?
19
What is the remainder when 2404 is divided by 302?
290
Calculate the remainder when 77 is divided by 12.
5
Calculate the remainder when 44 is divided by 24.
20
Calculate the remainder when 93 is divided by 77.
16
What is the remainder when 1770 is divided by 298?
280
What is the remainder when 99 is divided by 56?
43
What is the remainder when 460 is divided by 119?
103
What is the remainder when 160 is divided by 59?
42
Calculate the remainder when 2519 is divided by 30.
29
Calculate the remainder when 802 is divided by 68.
54
Calculate the remainder when 6172 is divided by 16.
12
What is the remainder when 2335 is divided by 385?
25
Calculate the remainder when 4712 is divided by 41.
38
Calculate the remainder when 384 is divided by 103.
75
What is the remainder when 351 is divided by 8?
7
Calculate the remainder when 3639 is divided by 70.
69
What is the remainder when 292 is divided by 59?
56
What is the remainder when 9 is divided by 4?
1
What is the remainder when 217 is divided by 12?
1
What is the remainder when 678 is divided by 290?
98
Calculate the remainder when 332 is divided by 211.
121
What is the remainder when 42 is divided by 5?
2
Calculate the remainder when 20 is divided by 4.
0
Calculate the remainder when 2366 is divided by 79.
75
Calculate the remainder when 51 is divided by 11.
7
Calculate the remainder when 61 is divided by 4.
1
Calculate the remainder when 32 is divided by 16.
0
What is the remainder when 2462 is divided by 75?
62
Calculate the remainder when 482 is divided by 54.
50
Calculate the remainder when 181 is divided by 59.
4
Calculate the remainder when 73 is divided by 24.
1
What is the remainder when 4204 is divided by 8?
4
What is the remainder when 56 is divided by 29?
27
What is the remainder when 841 is divided by 18?
13
What is the remainder when 300 is divided by 8?
4
What is the remainder when 376 is divided by 27?
25
Calculate the remainder when 466 is divided by 52.
50
Calculate the remainder when 415 is divided by 32.
31
What is the remainder when 281 is divided by 79?
44
What is the remainder when 720 is divided by 197?
129
Calculate the remainder when 42 is divided by 16.
10
Calculate the remainder when 1386 is divided by 232.
226
What is the remainder when 2156 is divided by 120?
116
Calculate the remainder when 137 is divided by 69.
68
What is the remainder when 1045 is divided by 346?
7
Calculate the remainder when 93 is divided by 22.
5
What is the remainder when 3665 is divided by 94?
93
What is the remainder when 2158 is divided by 80?
78
Calculate the remainder when 1518 is divided by 191.
181
Calculate the remainder when 2127 is divided by 14.
13
What is the remainder when 455 is divided by 4?
3
What is the remainder when 76 is divided by 38?
0
Calculate the remainder when 1111 is divided by 55.
11
Calculate the remainder when 2266 is divided by 173.
17
What is the remainder when 807 is divided by 41?
28
What is the remainder when 2867 is divided by 87?
83
Calculate the remainder when 1389 is divided by 103.
50
Calculate the remainder when 1175 is divided by 94.
47
Calculate the remainder when 1989 is divided by 11.
9
What is the remainder when 56 is divided by 21?
14
Calculate the remainder when 118 is divided by 11.
8
Calculate the remainder when 131 is divided by 7.
5
What is the remainder when 566 is divided by 11?
5
Calculate the remainder when 33 is divided by 32.
1
What is the remainder when 795 is divided by 114?
111
What is the remainder when 19834 is divided by 114?
112
What is the remainder when 1454 is divided by 147?
131
What is the remainder when 4231 is divided by 353?
348
What is the remainder when 1778 is divided by 588?
14
Calculate the remainder when 9696 is divided by 95.
6
Calculate the remainder when 471 is divided by 243.
228
Calculate the remainder when 15833 is divided by 58.
57
Calculate the remainder when 1345 is divided by 26.
19
What is the remainder when 189 is divided by 15?
9
Calculate the remainder when 107 is divided by 18.
17
What is the remainder when 12054 is divided by 29?
19
Calculate the remainder when 42 is divided by 30.
12
What is the remainder when 61324 is divided by 223?
222
What is the remainder when 335 is divided by 166?
3
What is the remainder when 91 is divided by 5?
1
What is the remainder when 5391 is divided by 56?
15
What is the remainder when 289 is divided by 24?
1
What is the remainder when 92 is divided by 28?
8
What is the remainder when 212 is divided by 66?
14
Calculate the remainder when 60 is divided by 38.
22
What is the remainder when 58 is divided by 51?
7
Calculate the remainder when 378 is divided by 27.
0
What is the remainder when 657 is divided by 232?
193
Calculate the remainder when 27 is divided by 14.
13
What is the remainder when 376 is divided by 27?
25
What is the remainder when 440 is divided by 15?
5
What is the remainder when 156 is divided by 137?
19
What is the remainder when 2307 is divided by 66?
63
What is the remainder when 45 is divided by 23?
22
What is the remainder when 2917 is divided by 73?
70
What is the remainder when 761 is divided by 74?
21
Calculate the remainder when 300 is divided by 279.
21
What is the remainder when 326 is divided by 66?
62
Calculate the remainder when 7624 is divided by 173.
12
Calculate the remainder when 120 is divided by 42.
36
Calculate the remainder when 3735 is divided by 34.
29
Calculate the remainder when 283 is divided by 11.
8
What is the remainder when 3952 is divided by 7?
4
What is the remainder when 214 is divided by 27?
25
Calculate the remainder when 382 is divided by 16.
14
What is the remainder when 8950 is divided by 53?
46
Calculate the remainder when 364 is divided by 123.
118
Calculate the remainder when 328 is divided by 228.
100
What is the remainder when 256 is divided by 54?
40
Calculate the remainder when 310 is divided by 24.
22
What is the remainder when 19 is divided by 10?
9
Calculate the remainder when 1494 is divided by 7.
3
Calculate the remainder when 358 is divided by 259.
99
Calculate the remainder when 284 is divided by 16.
12
Calculate the remainder when 77 is divided by 73.
4
What is the remainder when 2515 is divided by 17?
16
What is the remainder when 976 is divided by 98?
94
What is the remainder when 598 is divided by 342?
256
Calculate the remainder when 191 is divided by 39.
35
What is the remainder when 549 is divided by 69?
66
What is the remainder when 6000 is divided by 22?
16
Calculate the remainder when 366 is divided by 17.
9
What is the remainder when 88 is divided by 20?
8
Calculate the remainder when 413 is divided by 57.
14
What is the remainder when 98 is divided by 27?
17
What is the remainder when 21 is divided by 11?
10
Calculate the remainder when 130 is divided by 29.
14
Calculate the remainder when 292 is divided by 11.
6
What is the remainder when 2004 is divided by 77?
2
What is the remainder when 5 is divided by 1?
0
What is the remainder when 67